ose 8*w = x*w + 3. Determine u(w).
11
Let k(q) = -q + 1. Let a be -5*(-7 + 14)*1/(-5). Give k(a).
-6
Let w(q) = -5*q**3 - 4*q**2 + 10. Let j(m) = 9*m**3 + 7*m**2 - 19. Let i(p) = 4*j(p) + 7*w(p). Suppose 4 = n - 2*n. Let t = n + 4. Determine i(t).
-6
Let h(y) = -y**3 - 6*y**2 - 9*y + 1. Let c = 160 + -164. What is h(c)?
5
Let i(p) = 3*p + 6. Let l(k) = -3*k + 49. Let m be l(11). Suppose 7*x + 44 = m. What is i(x)?
-6
Let u(v) be the first derivative of 1/6*v**3 + 1/20*v**5 - 4*v**2 - 7/12*v**4 + 1 - v. Let q(d) be the first derivative of u(d). Determine q(7).
-1
Let p(i) = -2*i + 3. Suppose -3*f - 3*s = 3, 0 = 4*f - f + s - 3. Let r(n) = 5 - f*n + 4*n - 4*n + 3*n. Let k be r(-2). What is p(k)?
-3
Let u(s) be the second derivative of -s**5/20 + s**3/6 - 5*s**2 + 67*s - 2. Give u(0).
-10
Let m(y) = 6*y**3 - 15*y**2 + 6*y - 2. Let d(x) = -5*x**3 + 15*x**2 - 5*x + 3. Let q(h) = 5*d(h) + 4*m(h). Calculate q(15).
-8
Let r(n) = 2*n**2. Let g(w) = -w**3 + 5*w**2 + 8. Let s be g(5). Suppose 2*l - 3*l - s = 2*h, 5*l - 35 = 5*h. Determine r(l).
8
Let h(m) = 46*m - 152*m + 51*m + 54*m + 5. What is h(0)?
5
Let g be (9/18)/(2/4). Let t(l) = -2*l**3 - l**2 + l - 1. Determine t(g).
-3
Let f = 62 + -60. Let u(s) = 2*s + 17*s + 2 + s**3 - 14*s + 5*s**f. What is u(-4)?
-2
Suppose 4*l + 10*c - 8*c + 10 = 0, -2*l = 4*c + 14. Let i(x) = 18*x + 3. What is i(l)?
-15
Let r(d) be the first derivative of -d**4/4 + d**3 - d**2/2 + d - 503. Determine r(4).
-19
Let t be -7 + (3 + 7 - 11) + 1. Let x(d) = -1 + d + 3 - 8. Give x(t).
-13
Let b(r) = r**2 - 4*r - 4. Let p(h) = 7*h - 14. Let l be p(6). Suppose -4*w - l = -44. Give b(w).
-4
Let j(h) = 589*h - 145*h - 145*h - 146*h - 149*h. Suppose 3 + 3 = -3*v, -3*v - 18 = -3*d. Determine j(d).
16
Let u(a) be the third derivative of a**6/120 + 7*a**5/60 - 11*a**4/24 - 11*a**3/6 + 58*a**2. Determine u(-8).
13
Let m(f) = 2*f + 1. Let d be m(-9). Let g(p) = 20*p**3 + 8*p**2 + 17*p - 20. Let b(k) = -7*k**3 - 3*k**2 - 6*k + 7. Let c(x) = d*b(x) - 6*g(x). Calculate c(4).
-15
Let v be 4/72*-14 + (-4)/18. Let t(h) = 4*h - 4. Let r(p) be the third derivative of p**3/6 - p**2. Let z(o) = v*t(o) - 3*r(o). What is z(-1)?
5
Let l be (-16)/4 - (4 + -22). Let b = 19 - l. Let w(k) = -32 - 3*k - k**3 + b*k**2 + 36 - 2*k**2 + 4*k. What is w(4)?
-8
Let u(l) be the third derivative of l**4/24 + l**3 - 27*l**2 - 1. Calculate u(5).
11
Let w(z) = -z**2 + 8*z - 2. Suppose -15*c - 7*c = -132. Determine w(c).
10
Let u be (-240)/(-50) - (-2)/10. Let x(p) = -p**2 - 9*p**3 + 1 + 4*p**3 + u*p**3 + 6*p**3. Give x(-1).
-6
Let a(j) be the first derivative of j + 199 + 8*j - 159 + j**2. Determine a(-6).
-3
Let a(s) = -2*s**2 + 11*s + 6. Let w(d) = d**2 - 2*d - 1. Let j(r) = a(r) + 3*w(r). Determine j(-4).
-1
Let x(w) = -3*w - 3. Let u = -12 + 17. Let i be ((-5)/u)/(1/3). What is x(i)?
6
Let f be ((-22)/11)/(2/(-3)). Let y(o) = -o + 5. Let v be y(-5). Let b(l) = l**3 - 13*l**2 + 0*l**2 + v*l**2 + 2*l - 4*l. Calculate b(f).
-6
Let q(c) = -4 + 1 + 11*c - 8*c - c**3. Let j be q(2). Let p(y) = y**2 + 5*y + 6. What is p(j)?
6
Let r be 0 + 18 + 1 + -3. Let i = r + -3. Let j = i - 19. Let d(p) = p + 6. Determine d(j).
0
Let x(z) = -z**3 + 9*z**2 - 16*z - 10. Suppose -5*d + 27 = s, 8*s - 14*s + 5*d = -22. What is x(s)?
-24
Suppose 0 = 3*i + 1 - 4. Let y be 4*9/6 + i. Suppose -5*b + y*b = -12. Let k(n) = -n**2 - 7*n + 2. Determine k(b).
8
Let k(j) = -j**3 - 6*j**2 - 3*j - 1. Suppose -5*o = 5*w - 10, -4*o = w - 8*o - 7. Suppose 0*t + 4*l + 5 = -3*t, -w*t - 2*l = 7. What is k(t)?
-19
Suppose v = -2*z - 9, 2*z + 18 = -0*z - 4*v. Let g = z + 6. Let t(l) = -7*l + 7. Let d(u) = 10*u - 8. Let o(j) = -3*d(j) - 4*t(j). Calculate o(g).
-10
Let o(t) = -t - 3. Let f(m) = m - 1. Let p(l) = 6*f(l) + 4*o(l). Determine p(8).
-2
Let n(m) be the third derivative of 2*m**2 + 1/6*m**3 - 1/24*m**4 + 0 + 0*m. Determine n(6).
-5
Let k(w) be the first derivative of -w**4/4 + 5*w**3 - w**2 + 19*w - 108. What is k(15)?
-11
Let k(y) = -2*y - 2. Let m(l) = -l**2 - 2*l + 1. Suppose -4*p + 4*a = a + 5, -p = -2*a. Let b be m(p). Let s be k(b). Let d(f) = -f - 4. Determine d(s).
0
Suppose 1 = 4*z - 3*z. Let q(k) = -14*k + 30*k + k**3 + z + 4*k**2 - 15*k. Calculate q(-3).
7
Let c(v) = -v**2 + v + 4. Let x be c(0). Let y = 17 - x. Let n(a) = y + a**2 - 7 - a - 10. Calculate n(3).
2
Let d(f) = f**3 + 2*f**2 - 6*f - 9. Let t be d(-3). Let z(b) be the second derivative of -b**3/6 + 7*b**2/2 - 11*b. Give z(t).
7
Let d be 14/(-4)*((-1800)/(-63))/(-20). Suppose 3*u = 4*s - 47, -3*s + 0*s = 3*u - 30. Let b(p) = -10 - p + s + 0*p. Give b(d).
-4
Let p(g) = -2*g**2 + 27*g - 3. Let q(b) = b**2 - 13*b + 1. Let o(n) = 2*p(n) + 5*q(n). What is o(5)?
-31
Let v(f) = -7*f**3 + 4*f**2 - 5*f - 8. Let l(a) = -9*a**3 + 5*a**2 - 7*a - 9. Let y(b) = 3*l(b) - 4*v(b). Give y(0).
5
Suppose -22*a + 15 = -17*a. Let c(f) be the second derivative of 0 - 4*f + 0*f**2 - 1/6*f**a. What is c(2)?
-2
Let u(a) = -27*a - 12. Let n(f) = -1 + 9*f + 3 + 2*f + 3. Suppose 3*d - 2*d - 3*x - 15 = 0, -2 = 2*x. Let y(b) = d*n(b) + 5*u(b). Give y(-5).
15
Suppose -5*f + 25 = -0*f. Suppose 0*z + f = -z - b, -3*z = -5*b - 25. Let m be (z/(-4) + 3)/(-1). Let t(i) = -i**2 - 7*i - 4. Calculate t(m).
8
Let c(i) = i**2 - 4*i - 8. Let f(k) = k**2 + 2*k - 3. Let g be f(2). Suppose -p - g*p + 36 = 0. Calculate c(p).
4
Let a(j) = j**2 - 51. Let g be a(7). Let n(z) = -z + 4. Give n(g).
6
Let f be 1/(-3 - 75/(-24)). Suppose k - 10 = 3*q - k, -2*q + 2*k - f = 0. Let a be (13 + -12)/(q/(-10)). Let p(t) = t**2 - 5*t + 1. Determine p(a).
1
Let r(w) = -6*w - 14. Let a = -125 + 123. Calculate r(a).
-2
Let u(z) = z**3 - 6*z**2 + 2*z + 2. Let s be u(5). Let o = 5 + s. Let h = o + 13. Let t(p) = 2*p - 1. What is t(h)?
9
Suppose 4*m + 14 = 2*c, -m - 8 = -3*c + c. Let o(a) = -9*a**2 + c*a**2 + 2*a - 3 - 3*a - a**3 + 0*a. Give o(-6).
3
Let j = -18 + 19. Let i(y) be the first derivative of -y**4/4 - y**3/3 + y**2/2 - 6. Determine i(j).
-1
Let y(b) = 9 - 5*b**2 + b**3 - 2*b**3 + 0*b**3 + 8*b. Let g(z) = -5*z**2 - 3*z + 2. Let u be g(1). Calculate y(u).
-3
Let b(p) = -11*p**3 - p**2 - 6*p - 5. Suppose 71 = -11*h - 60*h. Give b(h).
11
Let l(g) = 11*g**2 + 4*g + 4. Let t be l(-3). Let n be (78/t)/(1/7). Let w(s) = s - 5. Give w(n).
1
Let p(c) be the third derivative of -c**6/30 - c**5/30 + c**4/8 + c**3/3 - 13*c**2 - c. What is p(-2)?
20
Let p(a) = a + 4. Let t be -1*(0 + -4 + 1). Suppose -5*v - u + 3*u = -30, -5*v + 35 = -t*u. Let h(r) = -r**3 + 4*r**2 - 2*r + 3. Let x be h(v). Calculate p(x).
-1
Let a(l) = 8*l - 4*l + 4*l - 6 + 8. Calculate a(-2).
-14
Let i(q) = -401*q**3 + 402*q**3 + 5*q + 8*q + 8*q**2 + 8. Determine i(-6).
2
Let r(n) = -n**2 - 3*n + 1. Suppose 12 = -10*h + 11*h. Suppose 22*m - 26*m = h. Calculate r(m).
1
Suppose -3*k + 20 = -8*k. Suppose -20 = -5*p - 5*o, o + 4*o = p + 2. Let c(t) = 2*t - 9*t + 3*t**2 + 1 + 2*t + t**p. Determine c(k).
5
Let y(k) = -2*k - 1. Let n be (-1 - 2) + 0 - 0. Let h = -2 + n. Determine y(h).
9
Let z(s) = 3*s - 18 + 9 + 13. Let f(w) = 1. Let c(h) = 3*f(h) - z(h). Give c(-1).
2
Let h(i) = i**2 - i - 11. Let n be h(4). Let z(o) = 13*o**2 + o. What is z(n)?
14
Suppose 0 = 10*m + 24 - 84. Let b(o) = -2*o - 3. What is b(m)?
-15
Let q = -266 + 264. Let d(j) = j**2 - 2*j - 1. Determine d(q).
7
Let j(c) = -c**3 - 6*c**2 - 5*c + 4. Let n(r) = r**3 + r**2 - 5*r - 2. Let f be 0 - ((-6)/4)/(7/(-14)). Let x be n(f). Give j(x).
4
Let s(t) be the third derivative of -t**4/24 - 17*t**3/6 - 50*t**2 - 1. Give s(0).
-17
Let w(v) = -v**3 + 31*v**2 - 3*v + 95. Let g be w(31). Let l(f) be the first derivative of 3/2*f**2 + 7 - g*f. Calculate l(2).
4
Let x(h) be the first derivative of -h**3/3 + 3*h**2 + 12*h + 36. What is x(9)?
-15
Let a(t) = -t**2 - 5*t + 17. Let d be (-12)/10*(-570)/(-76). Calculate a(d).
-19
Let j be (-96)/16 - (-4 + 2). Let f(x) = 5*x**3 + 3*x**2 - 7*x - 2. Let n(l) = -14*l**3 - 9*l**2 + 20*l + 5. Let v(h) = -11*f(h) - 4*n(h). Calculate v(j).
-2
Let w(d) = d - 5. Let g be w(-3). Let p(j) = 4*j**2 + 9*j - 16. Let v(x) = x**2 + x - 3. Let s(q) = p(q) - 3*v(q). Determine s(g).
9
Let k(j) = j + 10*j**2 - 3*j**3 + 13 + j + 4*j**3. Let g = 929 - 939. Calculate k(g).
-7
Let p(u) = 16 - 20 - 6*u + 3*u - u + 3*u. Calculate p(-3).
-1
Let k = -4 + 